{"id":108,"date":"2017-03-10T23:51:54","date_gmt":"2017-03-10T22:51:54","guid":{"rendered":"http:\/\/ecole-secondairerogercomtois.cssc.gouv.qc.ca\/integratic\/?page_id=108"},"modified":"2019-02-24T23:26:59","modified_gmt":"2019-02-25T04:26:59","slug":"isabelle-labbe","status":"publish","type":"page","link":"https:\/\/ecole-secondairerogercomtois.cssc.gouv.qc.ca\/integratic\/enseignants\/isabelle-labbe\/","title":{"rendered":"Isabelle Labb\u00e9"},"content":{"rendered":"<p><img loading=\"lazy\" decoding=\"async\" class=\"image wp-image-779 size-full alignright\" src=\"http:\/\/ecole-secondairerogercomtois.cssc.gouv.qc.ca\/integratic\/wp-content\/uploads\/sites\/7\/2019\/02\/IsabelleWebsite.jpg\" alt=\"\" width=\"400\" height=\"600\" srcset=\"https:\/\/ecole-secondairerogercomtois.cssc.gouv.qc.ca\/integratic\/wp-content\/uploads\/sites\/7\/2019\/02\/IsabelleWebsite.jpg 400w, https:\/\/ecole-secondairerogercomtois.cssc.gouv.qc.ca\/integratic\/wp-content\/uploads\/sites\/7\/2019\/02\/IsabelleWebsite-200x300.jpg 200w\" sizes=\"auto, (max-width: 400px) 100vw, 400px\" \/><\/p>\n<p><span style=\"font-weight: 400\">Isabelle Labb\u00e9 est enseignante en informatique depuis le tout d\u00e9but de sa carri\u00e8re en 2012 et elle est passionn\u00e9e par le domaine d\u2019informatique depuis son plus jeune \u00e2ge. Elle est dipl\u00f4m\u00e9e du programme Int\u00e9gra-TIC, au terme de ses \u00e9tudes secondaire en 2006, puis en enseignement de l\u2019anglais au secondaire en 2012. Dot\u00e9e d\u2019une cr\u00e9ativit\u00e9 et d\u2019une minutie sans pareil, Isabelle se sp\u00e9cialise dans la cr\u00e9ation visuelle. Elle est d\u2019ailleurs l\u2019auteure de toute une s\u00e9rie de logos et de doodles associ\u00e9s au programme.\u00a0<\/span><span style=\"font-weight: 400\">Les \u00e9l\u00e8ves en Int\u00e9gra-TIC rencontreront une enseignante d\u00e9vou\u00e9e, cr\u00e9ative, disponible et g\u00e9n\u00e9reuse qui donne sans compter pour la r\u00e9ussite de ses \u00e9l\u00e8ves et pour le rayonnement du programme Int\u00e9gra-TIC.<\/span><\/p>\n","protected":false},"excerpt":{"rendered":"<p>Isabelle Labb\u00e9 est enseignante en informatique depuis le tout d\u00e9but de sa carri\u00e8re en 2012 et elle est passionn\u00e9e par le domaine d\u2019informatique depuis son plus jeune \u00e2ge. Elle est dipl\u00f4m\u00e9e du programme Int\u00e9gra-TIC, au terme de ses \u00e9tudes secondaire en 2006, puis en enseignement de l\u2019anglais au secondaire en 2012. Dot\u00e9e d\u2019une cr\u00e9ativit\u00e9 et [&hellip;]<\/p>\n","protected":false},"author":45,"featured_media":0,"parent":104,"menu_order":0,"comment_status":"closed","ping_status":"closed","template":"","meta":{"_acf_changed":false,"inline_featured_image":false,"footnotes":""},"class_list":["post-108","page","type-page","status-publish","czr-hentry"],"acf":[],"yoast_head":"<!-- This site is optimized with the Yoast SEO plugin v27.3 - https:\/\/yoast.com\/product\/yoast-seo-wordpress\/ -->\n<title>Isabelle Labb\u00e9 - Int\u00e9gra-TIC<\/title>\n<meta name=\"robots\" content=\"index, follow, max-snippet:-1, max-image-preview:large, max-video-preview:-1\" \/>\n<link rel=\"canonical\" href=\"https:\/\/ecole-secondairerogercomtois.cssc.gouv.qc.ca\/integratic\/enseignants\/isabelle-labbe\/\" \/>\n<meta property=\"og:locale\" content=\"fr_FR\" \/>\n<meta property=\"og:type\" content=\"article\" \/>\n<meta property=\"og:title\" content=\"Isabelle Labb\u00e9 - Int\u00e9gra-TIC\" \/>\n<meta property=\"og:description\" content=\"Isabelle Labb\u00e9 est enseignante en informatique depuis le tout d\u00e9but de sa carri\u00e8re en 2012 et elle est passionn\u00e9e par le domaine d\u2019informatique depuis son plus jeune \u00e2ge. Elle est dipl\u00f4m\u00e9e du programme Int\u00e9gra-TIC, au terme de ses \u00e9tudes secondaire en 2006, puis en enseignement de l\u2019anglais au secondaire en 2012. Dot\u00e9e d\u2019une cr\u00e9ativit\u00e9 et [&hellip;]\" \/>\n<meta property=\"og:url\" content=\"https:\/\/ecole-secondairerogercomtois.cssc.gouv.qc.ca\/integratic\/enseignants\/isabelle-labbe\/\" \/>\n<meta property=\"og:site_name\" content=\"Int\u00e9gra-TIC\" \/>\n<meta property=\"article:modified_time\" content=\"2019-02-25T04:26:59+00:00\" \/>\n<meta property=\"og:image\" content=\"http:\/\/ecole-secondairerogercomtois.cssc.gouv.qc.ca\/integratic\/wp-content\/uploads\/sites\/7\/2019\/02\/IsabelleWebsite.jpg\" \/>\n<meta name=\"twitter:card\" content=\"summary_large_image\" \/>\n<meta name=\"twitter:label1\" content=\"Dur\u00e9e de lecture estim\u00e9e\" \/>\n\t<meta name=\"twitter:data1\" content=\"1 minute\" \/>\n<script type=\"application\/ld+json\" class=\"yoast-schema-graph\">{\"@context\":\"https:\\\/\\\/schema.org\",\"@graph\":[{\"@type\":\"WebPage\",\"@id\":\"https:\\\/\\\/ecole-secondairerogercomtois.cssc.gouv.qc.ca\\\/integratic\\\/enseignants\\\/isabelle-labbe\\\/\",\"url\":\"https:\\\/\\\/ecole-secondairerogercomtois.cssc.gouv.qc.ca\\\/integratic\\\/enseignants\\\/isabelle-labbe\\\/\",\"name\":\"Isabelle Labb\u00e9 - Int\u00e9gra-TIC\",\"isPartOf\":{\"@id\":\"https:\\\/\\\/ecole-secondairerogercomtois.cssc.gouv.qc.ca\\\/integratic\\\/#website\"},\"primaryImageOfPage\":{\"@id\":\"https:\\\/\\\/ecole-secondairerogercomtois.cssc.gouv.qc.ca\\\/integratic\\\/enseignants\\\/isabelle-labbe\\\/#primaryimage\"},\"image\":{\"@id\":\"https:\\\/\\\/ecole-secondairerogercomtois.cssc.gouv.qc.ca\\\/integratic\\\/enseignants\\\/isabelle-labbe\\\/#primaryimage\"},\"thumbnailUrl\":\"http:\\\/\\\/ecole-secondairerogercomtois.cssc.gouv.qc.ca\\\/integratic\\\/wp-content\\\/uploads\\\/sites\\\/7\\\/2019\\\/02\\\/IsabelleWebsite.jpg\",\"datePublished\":\"2017-03-10T22:51:54+00:00\",\"dateModified\":\"2019-02-25T04:26:59+00:00\",\"breadcrumb\":{\"@id\":\"https:\\\/\\\/ecole-secondairerogercomtois.cssc.gouv.qc.ca\\\/integratic\\\/enseignants\\\/isabelle-labbe\\\/#breadcrumb\"},\"inLanguage\":\"fr-FR\",\"potentialAction\":[{\"@type\":\"ReadAction\",\"target\":[\"https:\\\/\\\/ecole-secondairerogercomtois.cssc.gouv.qc.ca\\\/integratic\\\/enseignants\\\/isabelle-labbe\\\/\"]}]},{\"@type\":\"ImageObject\",\"inLanguage\":\"fr-FR\",\"@id\":\"https:\\\/\\\/ecole-secondairerogercomtois.cssc.gouv.qc.ca\\\/integratic\\\/enseignants\\\/isabelle-labbe\\\/#primaryimage\",\"url\":\"https:\\\/\\\/ecole-secondairerogercomtois.cssc.gouv.qc.ca\\\/integratic\\\/wp-content\\\/uploads\\\/sites\\\/7\\\/2019\\\/02\\\/IsabelleWebsite.jpg\",\"contentUrl\":\"https:\\\/\\\/ecole-secondairerogercomtois.cssc.gouv.qc.ca\\\/integratic\\\/wp-content\\\/uploads\\\/sites\\\/7\\\/2019\\\/02\\\/IsabelleWebsite.jpg\",\"width\":400,\"height\":600},{\"@type\":\"BreadcrumbList\",\"@id\":\"https:\\\/\\\/ecole-secondairerogercomtois.cssc.gouv.qc.ca\\\/integratic\\\/enseignants\\\/isabelle-labbe\\\/#breadcrumb\",\"itemListElement\":[{\"@type\":\"ListItem\",\"position\":1,\"name\":\"Enseignants\",\"item\":\"https:\\\/\\\/ecole-secondairerogercomtois.cssc.gouv.qc.ca\\\/integratic\\\/enseignants\\\/\"},{\"@type\":\"ListItem\",\"position\":2,\"name\":\"Isabelle Labb\u00e9\"}]},{\"@type\":\"WebSite\",\"@id\":\"https:\\\/\\\/ecole-secondairerogercomtois.cssc.gouv.qc.ca\\\/integratic\\\/#website\",\"url\":\"https:\\\/\\\/ecole-secondairerogercomtois.cssc.gouv.qc.ca\\\/integratic\\\/\",\"name\":\"Int\u00e9gra-TIC\",\"description\":\"Un programme \u00e0 la fine pointe\",\"potentialAction\":[{\"@type\":\"SearchAction\",\"target\":{\"@type\":\"EntryPoint\",\"urlTemplate\":\"https:\\\/\\\/ecole-secondairerogercomtois.cssc.gouv.qc.ca\\\/integratic\\\/?s={search_term_string}\"},\"query-input\":{\"@type\":\"PropertyValueSpecification\",\"valueRequired\":true,\"valueName\":\"search_term_string\"}}],\"inLanguage\":\"fr-FR\"}]}<\/script>\n<!-- \/ Yoast SEO plugin. -->","yoast_head_json":{"title":"Isabelle Labb\u00e9 - Int\u00e9gra-TIC","robots":{"index":"index","follow":"follow","max-snippet":"max-snippet:-1","max-image-preview":"max-image-preview:large","max-video-preview":"max-video-preview:-1"},"canonical":"https:\/\/ecole-secondairerogercomtois.cssc.gouv.qc.ca\/integratic\/enseignants\/isabelle-labbe\/","og_locale":"fr_FR","og_type":"article","og_title":"Isabelle Labb\u00e9 - Int\u00e9gra-TIC","og_description":"Isabelle Labb\u00e9 est enseignante en informatique depuis le tout d\u00e9but de sa carri\u00e8re en 2012 et elle est passionn\u00e9e par le domaine d\u2019informatique depuis son plus jeune \u00e2ge. Elle est dipl\u00f4m\u00e9e du programme Int\u00e9gra-TIC, au terme de ses \u00e9tudes secondaire en 2006, puis en enseignement de l\u2019anglais au secondaire en 2012. Dot\u00e9e d\u2019une cr\u00e9ativit\u00e9 et [&hellip;]","og_url":"https:\/\/ecole-secondairerogercomtois.cssc.gouv.qc.ca\/integratic\/enseignants\/isabelle-labbe\/","og_site_name":"Int\u00e9gra-TIC","article_modified_time":"2019-02-25T04:26:59+00:00","og_image":[{"url":"http:\/\/ecole-secondairerogercomtois.cssc.gouv.qc.ca\/integratic\/wp-content\/uploads\/sites\/7\/2019\/02\/IsabelleWebsite.jpg","type":"","width":"","height":""}],"twitter_card":"summary_large_image","twitter_misc":{"Dur\u00e9e de lecture estim\u00e9e":"1 minute"},"schema":{"@context":"https:\/\/schema.org","@graph":[{"@type":"WebPage","@id":"https:\/\/ecole-secondairerogercomtois.cssc.gouv.qc.ca\/integratic\/enseignants\/isabelle-labbe\/","url":"https:\/\/ecole-secondairerogercomtois.cssc.gouv.qc.ca\/integratic\/enseignants\/isabelle-labbe\/","name":"Isabelle Labb\u00e9 - Int\u00e9gra-TIC","isPartOf":{"@id":"https:\/\/ecole-secondairerogercomtois.cssc.gouv.qc.ca\/integratic\/#website"},"primaryImageOfPage":{"@id":"https:\/\/ecole-secondairerogercomtois.cssc.gouv.qc.ca\/integratic\/enseignants\/isabelle-labbe\/#primaryimage"},"image":{"@id":"https:\/\/ecole-secondairerogercomtois.cssc.gouv.qc.ca\/integratic\/enseignants\/isabelle-labbe\/#primaryimage"},"thumbnailUrl":"http:\/\/ecole-secondairerogercomtois.cssc.gouv.qc.ca\/integratic\/wp-content\/uploads\/sites\/7\/2019\/02\/IsabelleWebsite.jpg","datePublished":"2017-03-10T22:51:54+00:00","dateModified":"2019-02-25T04:26:59+00:00","breadcrumb":{"@id":"https:\/\/ecole-secondairerogercomtois.cssc.gouv.qc.ca\/integratic\/enseignants\/isabelle-labbe\/#breadcrumb"},"inLanguage":"fr-FR","potentialAction":[{"@type":"ReadAction","target":["https:\/\/ecole-secondairerogercomtois.cssc.gouv.qc.ca\/integratic\/enseignants\/isabelle-labbe\/"]}]},{"@type":"ImageObject","inLanguage":"fr-FR","@id":"https:\/\/ecole-secondairerogercomtois.cssc.gouv.qc.ca\/integratic\/enseignants\/isabelle-labbe\/#primaryimage","url":"https:\/\/ecole-secondairerogercomtois.cssc.gouv.qc.ca\/integratic\/wp-content\/uploads\/sites\/7\/2019\/02\/IsabelleWebsite.jpg","contentUrl":"https:\/\/ecole-secondairerogercomtois.cssc.gouv.qc.ca\/integratic\/wp-content\/uploads\/sites\/7\/2019\/02\/IsabelleWebsite.jpg","width":400,"height":600},{"@type":"BreadcrumbList","@id":"https:\/\/ecole-secondairerogercomtois.cssc.gouv.qc.ca\/integratic\/enseignants\/isabelle-labbe\/#breadcrumb","itemListElement":[{"@type":"ListItem","position":1,"name":"Enseignants","item":"https:\/\/ecole-secondairerogercomtois.cssc.gouv.qc.ca\/integratic\/enseignants\/"},{"@type":"ListItem","position":2,"name":"Isabelle Labb\u00e9"}]},{"@type":"WebSite","@id":"https:\/\/ecole-secondairerogercomtois.cssc.gouv.qc.ca\/integratic\/#website","url":"https:\/\/ecole-secondairerogercomtois.cssc.gouv.qc.ca\/integratic\/","name":"Int\u00e9gra-TIC","description":"Un programme \u00e0 la fine pointe","potentialAction":[{"@type":"SearchAction","target":{"@type":"EntryPoint","urlTemplate":"https:\/\/ecole-secondairerogercomtois.cssc.gouv.qc.ca\/integratic\/?s={search_term_string}"},"query-input":{"@type":"PropertyValueSpecification","valueRequired":true,"valueName":"search_term_string"}}],"inLanguage":"fr-FR"}]}},"_links":{"self":[{"href":"https:\/\/ecole-secondairerogercomtois.cssc.gouv.qc.ca\/integratic\/wp-json\/wp\/v2\/pages\/108","targetHints":{"allow":["GET"]}}],"collection":[{"href":"https:\/\/ecole-secondairerogercomtois.cssc.gouv.qc.ca\/integratic\/wp-json\/wp\/v2\/pages"}],"about":[{"href":"https:\/\/ecole-secondairerogercomtois.cssc.gouv.qc.ca\/integratic\/wp-json\/wp\/v2\/types\/page"}],"author":[{"embeddable":true,"href":"https:\/\/ecole-secondairerogercomtois.cssc.gouv.qc.ca\/integratic\/wp-json\/wp\/v2\/users\/45"}],"replies":[{"embeddable":true,"href":"https:\/\/ecole-secondairerogercomtois.cssc.gouv.qc.ca\/integratic\/wp-json\/wp\/v2\/comments?post=108"}],"version-history":[{"count":17,"href":"https:\/\/ecole-secondairerogercomtois.cssc.gouv.qc.ca\/integratic\/wp-json\/wp\/v2\/pages\/108\/revisions"}],"predecessor-version":[{"id":899,"href":"https:\/\/ecole-secondairerogercomtois.cssc.gouv.qc.ca\/integratic\/wp-json\/wp\/v2\/pages\/108\/revisions\/899"}],"up":[{"embeddable":true,"href":"https:\/\/ecole-secondairerogercomtois.cssc.gouv.qc.ca\/integratic\/wp-json\/wp\/v2\/pages\/104"}],"wp:attachment":[{"href":"https:\/\/ecole-secondairerogercomtois.cssc.gouv.qc.ca\/integratic\/wp-json\/wp\/v2\/media?parent=108"}],"curies":[{"name":"wp","href":"https:\/\/api.w.org\/{rel}","templated":true}]}}