{"id":88,"date":"2017-03-10T23:47:36","date_gmt":"2017-03-10T22:47:36","guid":{"rendered":"http:\/\/ecole-secondairerogercomtois.cssc.gouv.qc.ca\/integratic\/?page_id=88"},"modified":"2018-02-06T20:44:44","modified_gmt":"2018-02-07T01:44:44","slug":"formulaire","status":"publish","type":"page","link":"https:\/\/ecole-secondairerogercomtois.cssc.gouv.qc.ca\/integratic\/projets\/formulaire\/","title":{"rendered":"Formulaire"},"content":{"rendered":"<div id=\"comp-iza1fv0p\" class=\"s4\">\n<p class=\"font_6\"><span style=\"font-size: 36pt\"><strong>Formulaire pour un projet Int\u00e9gra-TIC<\/strong><\/span><\/p>\n<\/div>\n<div id=\"comp-iza1fv0r\" class=\"s4\">\n<p class=\"font_7\">La r\u00e9alisation des projets se fait dans la deuxi\u00e8me partie de l\u2019ann\u00e9e et vous seront remis en fin d\u2019ann\u00e9e scolaire. Si vous souhaitez que les\u00a0\u00e9l\u00e8ves d&rsquo;Int\u00e9gra-TIC r\u00e9alisent un certain projet, envoyez un message \u00e0 l&rsquo;adresse courriel \u00ab\u00a0<a href=\"mailto:payeur.sylvain@cscapitale.qc.ca\" target=\"_blank\" rel=\"nofollow\">payeur.sylvain@cscapitale.qc.ca<\/a>\u00a0\u00bb contenant :<\/p>\n<p>&#8211; Votre nom<br \/>\n&#8211; Votre adresse courriel<br \/>\n&#8211; Votre num\u00e9ro de t\u00e9l\u00e9phone<br \/>\n&#8211; La mati\u00e8re scolaire (s\u2019il y a lieu)<br \/>\n&#8211; Le nom de l\u2019entreprise (s\u2019il y a lieu)<br \/>\n&#8211; Le niveau scolaire vis\u00e9 (s\u2019il y a lieu)<br \/>\n&#8211; Le type de projet \u00e0 r\u00e9aliser<br \/>\n&#8211; Une br\u00e8ve description du projet<\/p>\n<\/div>\n<p>&nbsp;<\/p>\n","protected":false},"excerpt":{"rendered":"<p>Formulaire pour un projet Int\u00e9gra-TIC La r\u00e9alisation des projets se fait dans la deuxi\u00e8me partie de l\u2019ann\u00e9e et vous seront remis en fin d\u2019ann\u00e9e scolaire. Si vous souhaitez que les\u00a0\u00e9l\u00e8ves d&rsquo;Int\u00e9gra-TIC r\u00e9alisent un certain projet, envoyez un message \u00e0 l&rsquo;adresse courriel \u00ab\u00a0payeur.sylvain@cscapitale.qc.ca\u00a0\u00bb contenant : &#8211; Votre nom &#8211; Votre adresse courriel &#8211; Votre num\u00e9ro de [&hellip;]<\/p>\n","protected":false},"author":45,"featured_media":0,"parent":76,"menu_order":0,"comment_status":"closed","ping_status":"closed","template":"","meta":{"_acf_changed":false,"inline_featured_image":false,"footnotes":""},"class_list":["post-88","page","type-page","status-publish","czr-hentry"],"acf":[],"yoast_head":"<!-- This site is optimized with the Yoast SEO plugin v27.3 - https:\/\/yoast.com\/product\/yoast-seo-wordpress\/ -->\n<title>Formulaire - Int\u00e9gra-TIC<\/title>\n<meta name=\"robots\" content=\"index, follow, max-snippet:-1, max-image-preview:large, max-video-preview:-1\" \/>\n<link rel=\"canonical\" href=\"https:\/\/ecole-secondairerogercomtois.cssc.gouv.qc.ca\/integratic\/projets\/formulaire\/\" \/>\n<meta property=\"og:locale\" content=\"fr_FR\" \/>\n<meta property=\"og:type\" content=\"article\" \/>\n<meta property=\"og:title\" content=\"Formulaire - Int\u00e9gra-TIC\" \/>\n<meta property=\"og:description\" content=\"Formulaire pour un projet Int\u00e9gra-TIC La r\u00e9alisation des projets se fait dans la deuxi\u00e8me partie de l\u2019ann\u00e9e et vous seront remis en fin d\u2019ann\u00e9e scolaire. Si vous souhaitez que les\u00a0\u00e9l\u00e8ves d&rsquo;Int\u00e9gra-TIC r\u00e9alisent un certain projet, envoyez un message \u00e0 l&rsquo;adresse courriel \u00ab\u00a0payeur.sylvain@cscapitale.qc.ca\u00a0\u00bb contenant : &#8211; Votre nom &#8211; Votre adresse courriel &#8211; Votre num\u00e9ro de [&hellip;]\" \/>\n<meta property=\"og:url\" content=\"https:\/\/ecole-secondairerogercomtois.cssc.gouv.qc.ca\/integratic\/projets\/formulaire\/\" \/>\n<meta property=\"og:site_name\" content=\"Int\u00e9gra-TIC\" \/>\n<meta property=\"article:modified_time\" content=\"2018-02-07T01:44:44+00:00\" \/>\n<meta name=\"twitter:card\" content=\"summary_large_image\" \/>\n<meta name=\"twitter:label1\" content=\"Dur\u00e9e de lecture estim\u00e9e\" \/>\n\t<meta name=\"twitter:data1\" content=\"1 minute\" \/>\n<script type=\"application\/ld+json\" class=\"yoast-schema-graph\">{\"@context\":\"https:\\\/\\\/schema.org\",\"@graph\":[{\"@type\":\"WebPage\",\"@id\":\"https:\\\/\\\/ecole-secondairerogercomtois.cssc.gouv.qc.ca\\\/integratic\\\/projets\\\/formulaire\\\/\",\"url\":\"https:\\\/\\\/ecole-secondairerogercomtois.cssc.gouv.qc.ca\\\/integratic\\\/projets\\\/formulaire\\\/\",\"name\":\"Formulaire - Int\u00e9gra-TIC\",\"isPartOf\":{\"@id\":\"https:\\\/\\\/ecole-secondairerogercomtois.cssc.gouv.qc.ca\\\/integratic\\\/#website\"},\"datePublished\":\"2017-03-10T22:47:36+00:00\",\"dateModified\":\"2018-02-07T01:44:44+00:00\",\"breadcrumb\":{\"@id\":\"https:\\\/\\\/ecole-secondairerogercomtois.cssc.gouv.qc.ca\\\/integratic\\\/projets\\\/formulaire\\\/#breadcrumb\"},\"inLanguage\":\"fr-FR\",\"potentialAction\":[{\"@type\":\"ReadAction\",\"target\":[\"https:\\\/\\\/ecole-secondairerogercomtois.cssc.gouv.qc.ca\\\/integratic\\\/projets\\\/formulaire\\\/\"]}]},{\"@type\":\"BreadcrumbList\",\"@id\":\"https:\\\/\\\/ecole-secondairerogercomtois.cssc.gouv.qc.ca\\\/integratic\\\/projets\\\/formulaire\\\/#breadcrumb\",\"itemListElement\":[{\"@type\":\"ListItem\",\"position\":1,\"name\":\"Projets\",\"item\":\"https:\\\/\\\/ecole-secondairerogercomtois.cssc.gouv.qc.ca\\\/integratic\\\/projets\\\/\"},{\"@type\":\"ListItem\",\"position\":2,\"name\":\"Formulaire\"}]},{\"@type\":\"WebSite\",\"@id\":\"https:\\\/\\\/ecole-secondairerogercomtois.cssc.gouv.qc.ca\\\/integratic\\\/#website\",\"url\":\"https:\\\/\\\/ecole-secondairerogercomtois.cssc.gouv.qc.ca\\\/integratic\\\/\",\"name\":\"Int\u00e9gra-TIC\",\"description\":\"Un programme \u00e0 la fine pointe\",\"potentialAction\":[{\"@type\":\"SearchAction\",\"target\":{\"@type\":\"EntryPoint\",\"urlTemplate\":\"https:\\\/\\\/ecole-secondairerogercomtois.cssc.gouv.qc.ca\\\/integratic\\\/?s={search_term_string}\"},\"query-input\":{\"@type\":\"PropertyValueSpecification\",\"valueRequired\":true,\"valueName\":\"search_term_string\"}}],\"inLanguage\":\"fr-FR\"}]}<\/script>\n<!-- \/ Yoast SEO plugin. -->","yoast_head_json":{"title":"Formulaire - Int\u00e9gra-TIC","robots":{"index":"index","follow":"follow","max-snippet":"max-snippet:-1","max-image-preview":"max-image-preview:large","max-video-preview":"max-video-preview:-1"},"canonical":"https:\/\/ecole-secondairerogercomtois.cssc.gouv.qc.ca\/integratic\/projets\/formulaire\/","og_locale":"fr_FR","og_type":"article","og_title":"Formulaire - Int\u00e9gra-TIC","og_description":"Formulaire pour un projet Int\u00e9gra-TIC La r\u00e9alisation des projets se fait dans la deuxi\u00e8me partie de l\u2019ann\u00e9e et vous seront remis en fin d\u2019ann\u00e9e scolaire. Si vous souhaitez que les\u00a0\u00e9l\u00e8ves d&rsquo;Int\u00e9gra-TIC r\u00e9alisent un certain projet, envoyez un message \u00e0 l&rsquo;adresse courriel \u00ab\u00a0payeur.sylvain@cscapitale.qc.ca\u00a0\u00bb contenant : &#8211; Votre nom &#8211; Votre adresse courriel &#8211; Votre num\u00e9ro de [&hellip;]","og_url":"https:\/\/ecole-secondairerogercomtois.cssc.gouv.qc.ca\/integratic\/projets\/formulaire\/","og_site_name":"Int\u00e9gra-TIC","article_modified_time":"2018-02-07T01:44:44+00:00","twitter_card":"summary_large_image","twitter_misc":{"Dur\u00e9e de lecture estim\u00e9e":"1 minute"},"schema":{"@context":"https:\/\/schema.org","@graph":[{"@type":"WebPage","@id":"https:\/\/ecole-secondairerogercomtois.cssc.gouv.qc.ca\/integratic\/projets\/formulaire\/","url":"https:\/\/ecole-secondairerogercomtois.cssc.gouv.qc.ca\/integratic\/projets\/formulaire\/","name":"Formulaire - Int\u00e9gra-TIC","isPartOf":{"@id":"https:\/\/ecole-secondairerogercomtois.cssc.gouv.qc.ca\/integratic\/#website"},"datePublished":"2017-03-10T22:47:36+00:00","dateModified":"2018-02-07T01:44:44+00:00","breadcrumb":{"@id":"https:\/\/ecole-secondairerogercomtois.cssc.gouv.qc.ca\/integratic\/projets\/formulaire\/#breadcrumb"},"inLanguage":"fr-FR","potentialAction":[{"@type":"ReadAction","target":["https:\/\/ecole-secondairerogercomtois.cssc.gouv.qc.ca\/integratic\/projets\/formulaire\/"]}]},{"@type":"BreadcrumbList","@id":"https:\/\/ecole-secondairerogercomtois.cssc.gouv.qc.ca\/integratic\/projets\/formulaire\/#breadcrumb","itemListElement":[{"@type":"ListItem","position":1,"name":"Projets","item":"https:\/\/ecole-secondairerogercomtois.cssc.gouv.qc.ca\/integratic\/projets\/"},{"@type":"ListItem","position":2,"name":"Formulaire"}]},{"@type":"WebSite","@id":"https:\/\/ecole-secondairerogercomtois.cssc.gouv.qc.ca\/integratic\/#website","url":"https:\/\/ecole-secondairerogercomtois.cssc.gouv.qc.ca\/integratic\/","name":"Int\u00e9gra-TIC","description":"Un programme \u00e0 la fine pointe","potentialAction":[{"@type":"SearchAction","target":{"@type":"EntryPoint","urlTemplate":"https:\/\/ecole-secondairerogercomtois.cssc.gouv.qc.ca\/integratic\/?s={search_term_string}"},"query-input":{"@type":"PropertyValueSpecification","valueRequired":true,"valueName":"search_term_string"}}],"inLanguage":"fr-FR"}]}},"_links":{"self":[{"href":"https:\/\/ecole-secondairerogercomtois.cssc.gouv.qc.ca\/integratic\/wp-json\/wp\/v2\/pages\/88","targetHints":{"allow":["GET"]}}],"collection":[{"href":"https:\/\/ecole-secondairerogercomtois.cssc.gouv.qc.ca\/integratic\/wp-json\/wp\/v2\/pages"}],"about":[{"href":"https:\/\/ecole-secondairerogercomtois.cssc.gouv.qc.ca\/integratic\/wp-json\/wp\/v2\/types\/page"}],"author":[{"embeddable":true,"href":"https:\/\/ecole-secondairerogercomtois.cssc.gouv.qc.ca\/integratic\/wp-json\/wp\/v2\/users\/45"}],"replies":[{"embeddable":true,"href":"https:\/\/ecole-secondairerogercomtois.cssc.gouv.qc.ca\/integratic\/wp-json\/wp\/v2\/comments?post=88"}],"version-history":[{"count":8,"href":"https:\/\/ecole-secondairerogercomtois.cssc.gouv.qc.ca\/integratic\/wp-json\/wp\/v2\/pages\/88\/revisions"}],"predecessor-version":[{"id":563,"href":"https:\/\/ecole-secondairerogercomtois.cssc.gouv.qc.ca\/integratic\/wp-json\/wp\/v2\/pages\/88\/revisions\/563"}],"up":[{"embeddable":true,"href":"https:\/\/ecole-secondairerogercomtois.cssc.gouv.qc.ca\/integratic\/wp-json\/wp\/v2\/pages\/76"}],"wp:attachment":[{"href":"https:\/\/ecole-secondairerogercomtois.cssc.gouv.qc.ca\/integratic\/wp-json\/wp\/v2\/media?parent=88"}],"curies":[{"name":"wp","href":"https:\/\/api.w.org\/{rel}","templated":true}]}}